lions digit of 2730240156?
0
What is the millions digit of 5142349389?
2
What is the tens digit of 101111939?
3
What is the ten millions digit of 26073980?
2
What is the tens digit of 126948413?
1
What is the thousands digit of 847817652?
7
What is the thousands digit of 134190256?
0
What is the hundreds digit of 11965716?
7
What is the ten thousands digit of 3868460982?
6
What is the thousands digit of 30324771?
4
What is the units digit of 251313153?
3
What is the hundred thousands digit of 707744532?
7
What is the millions digit of 137540643?
7
What is the tens digit of 1808373252?
5
What is the ten millions digit of 249553492?
4
What is the thousands digit of 44688076?
8
What is the thousands digit of 70698638?
8
What is the hundred thousands digit of 136239069?
2
What is the units digit of 2020080985?
5
What is the billions digit of 3153838334?
3
What is the thousands digit of 466215922?
5
What is the ten millions digit of 3908222215?
0
What is the millions digit of 412095411?
2
What is the thousands digit of 2519447015?
7
What is the ten millions digit of 17812931?
1
What is the hundred millions digit of 2820178586?
8
What is the tens digit of 73361221?
2
What is the millions digit of 117154088?
7
What is the units digit of 3941804208?
8
What is the units digit of 3429266868?
8
What is the tens digit of 80435441?
4
What is the tens digit of 44442041?
4
What is the millions digit of 38210978?
8
What is the hundred thousands digit of 718492564?
4
What is the ten thousands digit of 2977756?
7
What is the billions digit of 1283149919?
1
What is the hundreds digit of 819114552?
5
What is the ten millions digit of 250723967?
5
What is the millions digit of 1407885135?
7
What is the ten thousands digit of 39872814?
7
What is the millions digit of 1034393444?
4
What is the millions digit of 948163465?
8
What is the billions digit of 4031220568?
4
What is the hundred thousands digit of 767749892?
7
What is the thousands digit of 106618450?
8
What is the hundred millions digit of 287742286?
2
What is the units digit of 202229521?
1
What is the hundred millions digit of 2645373223?
6
What is the ten thousands digit of 3522787144?
8
What is the tens digit of 18446580?
8
What is the units digit of 145174101?
1
What is the ten millions digit of 1221827739?
2
What is the ten thousands digit of 3473075939?
7
What is the millions digit of 3888238922?
8
What is the hundreds digit of 197909255?
2
What is the millions digit of 105626490?
5
What is the hundred millions digit of 146670395?
1
What is the ten thousands digit of 24060803?
6
What is the billions digit of 3288856747?
3
What is the hundred thousands digit of 1458665550?
6
What is the ten thousands digit of 459967290?
6
What is the hundreds digit of 81881078?
0
What is the hundreds digit of 964199343?
3
What is the millions digit of 663137914?
3
What is the ten thousands digit of 76158056?
5
What is the hundreds digit of 68292932?
9
What is the units digit of 1513294?
4
What is the tens digit of 2936084400?
0
What is the ten millions digit of 39096694?
3
What is the millions digit of 2447793731?
7
What is the hundreds digit of 2024523639?
6
What is the units digit of 1203475855?
5
What is the ten thousands digit of 1217998340?
9
What is the ten millions digit of 34582196?
3
What is the tens digit of 2095184714?
1
What is the ten thousands digit of 3587691542?
9
What is the ten thousands digit of 139837456?
3
What is the ten thousands digit of 3583699?
8
What is the millions digit of 30372925?
0
What is the hundreds digit of 95026483?
4
What is the ten millions digit of 3188921640?
8
What is the units digit of 175881624?
4
What is the units digit of 1414202478?
8
What is the millions digit of 15103881?
5
What is the tens digit of 871959844?
4
What is the ten millions digit of 10629526?
1
What is the hundred thousands digit of 686652892?
6
What is the hundred millions digit of 405394256?
4
What is the billions digit of 1764127344?
1
What is the hundred millions digit of 2076163329?
0
What is the millions digit of 1779142934?
9
What is the hundred millions digit of 949434085?
9
What is the thousands digit of 161787847?
7
What is the thousands digit of 68734285?
4
What is the hundred thousands digit of 22338636?
3
What is the millions digit of 219457844?
9
What is the tens digit of 1166073364?
6
What is the ten millions digit of 18891291?
1
What is the tens digit of 7951504?
0
What is the thousands digit of 85386512?
6
What is the millions digit of 50144928?
0
What is the hundred thousands digit of 106006773?
0
What is the units digit of 1018553373?
3
What is the ten millions digit of 16466102?
1
What is the billions digit of 2010477565?
2
What is the millions digit of 297515800?
7
What is the hundreds digit of 3234115760?
7
What is the hundred thousands digit of 11807454?
8
What is the hundred thousands digit of 81671480?
6
What is the ten millions digit of 50397101?
5
What is the tens digit of 597243898?
9
What is the hundreds digit of 2031292056?
0
What is the hundred thousands digit of 34879613?
8
What is the tens digit of 525346643?
4
What is the hundred thousands digit of 118909158?
9
What is the ten millions digit of 20341061?
2
What is the thousands digit of 1987914910?
4
What is the hundred thousands digit of 1738835475?
8
What is the hundred millions digit of 137584623?
1
What is the millions digit of 1713790990?
3
What is the millions digit of 252529384?
2
What is the tens digit of 1537523174?
7
What is the hundred thousands digit of 5036839773?
8
What is the ten millions digit of 205224749?
0
What is the hundred millions digit of 1755336128?
7
What is the millions digit of 195564024?
5
What is the millions digit of 1733502789?
3
What is the units digit of 795890149?
9
What is the hundred millions digit of 1059404611?
0
What is the hundred thousands digit of 17066917?
0
What is the thousands digit of 550136232?
6
What is the thousands digit of 1762485871?
5
What is the units digit of 1490957369?
9
What is the hundreds digit of 63824995?
9
What is the billions digit of 3347884777?
3
What is the units digit of 71142888?
8
What is the units digit of 5679275759?
9
What is the hundreds digit of 327464668?
6
What is the hundred thousands digit of 354026634?
0
What is the tens digit of 149618493?
9
What is the millions digit of 371508052?
1
What is the hundred thousands digit of 301892342?
8
What is the hundred millions digit of 809773935?
8
What is the ten thousands digit of 3125344803?
4
What is the hundreds digit of 21636628?
6
What is the ten millions digit of 62368746?
6
What is the units digit of 49102414?
4
What is the units digit of 59414999?
9
What is the hundred millions digit of 729530792?
7
What is the ten millions digit of 230640603?
3
What is the units digit of 527125663?
3
What is the billions digit of 4122887670?
4
What is the ten millions digit of 1838958132?
3
What is the hundred thousands digit of 509514701?
5
What is the tens digit of 3294674626?
2
What is the tens digit of 243654598?
9
What is the hundreds digit of 6319352233?
2
What is the units digit of 563119080?
0
What is the ten millions digit of 59134187?
5
What is the hundred thousands digit of 41226718?
2
What is the tens digit of 1700067065?
6
What is the hundred millions digit of 2303027583?
3
What is the units digit of 58774362?
2
What is the millions digit of 4523608803?
3
What is the ten thousands digit of 258559557?
5
What is the hundred millions digit of 429559439?
4
What is the units digit of 104119928?
8
What is the hundred millions digit of 316483469?
3
What is the millions digit of 50339050?
0
What is the thousands digit of 925346842?
6
What is the ten thousands digit of 225158279?
5
What is the billions digit of 1978720395?
1
What is the millions digit of 1014964649?
4
What is the ten millions digit of 346776248?
4
What is the hundreds digit of 121467463?
4
What is the millions digit of 525288456?
5
What is the hundreds digit of 80162452?
4
What is the ten thousands digit of 237360031?
6
What is the hundred thousands digit of 3306938887?
9
What is the ten millions digit of 1789974988?
8
What is the hundred millions digit of 5368857224?
3
What is the thousands digit of 953454475?
4
What is the thousands d